{"id":40,"date":"2013-08-03T12:18:36","date_gmt":"2013-08-03T12:18:36","guid":{"rendered":"http:\/\/xn--mdling-wxa.at\/?page_id=40"},"modified":"2013-08-03T12:19:34","modified_gmt":"2013-08-03T12:19:34","slug":"brunn-am-gebirge","status":"publish","type":"page","link":"http:\/\/xn--mdling-wxa.at\/?page_id=40","title":{"rendered":"Brunn am Gebirge"},"content":{"rendered":"<p>N\u00f6rdliche Nachbargemeinde <b>M\u00f6dlings<\/b>.<\/p>\n<p><strong>Marktgemeinde Brunn am Gebirge<\/strong><\/p>\n<p>Franz Anderle-Platz 1<\/p>\n<p>2345 Brunn am Gebirge<\/p>\n<p>Telefon: 02236\/316 01-0<\/p>\n<p>Telefax: 02236\/316 01-39<\/p>\n<p><a href=\"http:\/\/www.brunnamgebirge.at\">www.brunnamgebirge.at<\/a><\/p>\n<p><em>Statistik Brunn am Gebirge &#8211; Bezirk M\u00f6dling<\/em><\/p>\n<p>Die Katasterfl\u00e4che betr\u00e4gt 725 Hektar, der Anteil der Waldfl\u00e4che betr\u00e4gt 0 %.<\/p>\n<p>Seeh\u00f6he des Ortes: 221 m<\/p>\n<p>Wohnbev\u00f6lkerung 2011: 11.196<\/p>\n<p>Wohnbev\u00f6lkerung nach Alter 2011:<\/p>\n<ul>\n<li>bis unter 15 Jahre m\u00e4nnlich: 871<\/li>\n<li>bis unter 15 Jahre weiblich: 912<\/li>\n<li>15 bis unter 60 Jahre m\u00e4nnlich: 3.352<\/li>\n<li>15 bis unter 60 Jahre weiblich: 3.463<\/li>\n<li>60 Jahre und \u00e4lter m\u00e4nnlich: 1.175<\/li>\n<li>60 Jahre und \u00e4lter weiblich: 1.423<\/li>\n<\/ul>\n<p>Quelle: Nieder\u00f6sterreichische Landesregierung &#8211; <a href=\"http:\/\/www.noel.gv.at\">www.noel.gv.at<\/a><\/p>\n","protected":false},"excerpt":{"rendered":"<p>N\u00f6rdliche Nachbargemeinde M\u00f6dlings. Marktgemeinde Brunn am Gebirge Franz Anderle-Platz 1 2345 Brunn am Gebirge Telefon: 02236\/316 01-0 Telefax: 02236\/316 01-39 www.brunnamgebirge.at Statistik Brunn am Gebirge &#8211; Bezirk M\u00f6dling Die Katasterfl\u00e4che betr\u00e4gt 725 Hektar, der Anteil der Waldfl\u00e4che betr\u00e4gt 0 %. &hellip; <a href=\"http:\/\/xn--mdling-wxa.at\/?page_id=40\">Weiterlesen <span class=\"meta-nav\">&rarr;<\/span><\/a><\/p>\n","protected":false},"author":1,"featured_media":0,"parent":19,"menu_order":0,"comment_status":"open","ping_status":"open","template":"","meta":{"footnotes":""},"class_list":["post-40","page","type-page","status-publish","hentry"],"_links":{"self":[{"href":"http:\/\/xn--mdling-wxa.at\/index.php?rest_route=\/wp\/v2\/pages\/40","targetHints":{"allow":["GET"]}}],"collection":[{"href":"http:\/\/xn--mdling-wxa.at\/index.php?rest_route=\/wp\/v2\/pages"}],"about":[{"href":"http:\/\/xn--mdling-wxa.at\/index.php?rest_route=\/wp\/v2\/types\/page"}],"author":[{"embeddable":true,"href":"http:\/\/xn--mdling-wxa.at\/index.php?rest_route=\/wp\/v2\/users\/1"}],"replies":[{"embeddable":true,"href":"http:\/\/xn--mdling-wxa.at\/index.php?rest_route=%2Fwp%2Fv2%2Fcomments&post=40"}],"version-history":[{"count":3,"href":"http:\/\/xn--mdling-wxa.at\/index.php?rest_route=\/wp\/v2\/pages\/40\/revisions"}],"predecessor-version":[{"id":45,"href":"http:\/\/xn--mdling-wxa.at\/index.php?rest_route=\/wp\/v2\/pages\/40\/revisions\/45"}],"up":[{"embeddable":true,"href":"http:\/\/xn--mdling-wxa.at\/index.php?rest_route=\/wp\/v2\/pages\/19"}],"wp:attachment":[{"href":"http:\/\/xn--mdling-wxa.at\/index.php?rest_route=%2Fwp%2Fv2%2Fmedia&parent=40"}],"curies":[{"name":"wp","href":"https:\/\/api.w.org\/{rel}","templated":true}]}}