{"id":62,"date":"2013-08-03T14:36:14","date_gmt":"2013-08-03T12:36:14","guid":{"rendered":"http:\/\/xn--mdling-wxa.at\/?page_id=62"},"modified":"2013-08-03T14:39:03","modified_gmt":"2013-08-03T12:39:03","slug":"hinterbruhl","status":"publish","type":"page","link":"http:\/\/xn--mdling-wxa.at\/?page_id=62","title":{"rendered":"Hinterbr\u00fchl"},"content":{"rendered":"<p>Marktgemeinde westlich von <b>M\u00f6dling<\/b> gelegen.<\/p>\n<p><strong>Marktgemeinde Hinterbr\u00fchl<\/strong><\/p>\n<p>Hauptstra\u00dfe 29a<\/p>\n<p>2371 Hinterbr\u00fchl<\/p>\n<p>Telefon 02236 26249 22<\/p>\n<p>Telefax 02236 26249 20<\/p>\n<p><a href=\"http:\/\/www.hinterbruehl.com\">www.hinterbruehl.com<\/a><\/p>\n<p><em>Statistik Hinterbr\u00fchl &#8211; Bezirk M\u00f6dling<\/em><\/p>\n<p>Die Katasterfl\u00e4che betr\u00e4gt 1.697 Hektar, der Anteil der Waldfl\u00e4che betr\u00e4gt 66 %.<\/p>\n<p>Seeh\u00f6he des Ortes: 254 m<\/p>\n<p>Wohnbev\u00f6lkerung 2011: 4.030<\/p>\n<p>Wohnbev\u00f6lkerung nach Alter 2011:<\/p>\n<ul>\n<li>bis unter 15 Jahre m\u00e4nnlich: 364<\/li>\n<li>bis unter 15 Jahre weiblich: 358<\/li>\n<li>15 bis unter 60 Jahre m\u00e4nnlich: 1.094<\/li>\n<li>15 bis unter 60 Jahre weiblich: 1.153<\/li>\n<li>60 Jahre und \u00e4lter m\u00e4nnlich: 496<\/li>\n<li>60 Jahre und \u00e4lter weiblich: 565<\/li>\n<\/ul>\n<p>Quelle: Nieder\u00f6sterreichische Landesregierung &#8211; <a href=\"http:\/\/www.noel.gv.at\">www.noel.gv.at<\/a><\/p>\n<p>&nbsp;<\/p>\n","protected":false},"excerpt":{"rendered":"<p>Marktgemeinde westlich von M\u00f6dling gelegen. Marktgemeinde Hinterbr\u00fchl Hauptstra\u00dfe 29a 2371 Hinterbr\u00fchl Telefon 02236 26249 22 Telefax 02236 26249 20 www.hinterbruehl.com Statistik Hinterbr\u00fchl &#8211; Bezirk M\u00f6dling Die Katasterfl\u00e4che betr\u00e4gt 1.697 Hektar, der Anteil der Waldfl\u00e4che betr\u00e4gt 66 %. Seeh\u00f6he des Ortes: &hellip; <a href=\"http:\/\/xn--mdling-wxa.at\/?page_id=62\">Weiterlesen <span class=\"meta-nav\">&rarr;<\/span><\/a><\/p>\n","protected":false},"author":1,"featured_media":0,"parent":19,"menu_order":0,"comment_status":"open","ping_status":"open","template":"","meta":{"footnotes":""},"class_list":["post-62","page","type-page","status-publish","hentry"],"_links":{"self":[{"href":"http:\/\/xn--mdling-wxa.at\/index.php?rest_route=\/wp\/v2\/pages\/62","targetHints":{"allow":["GET"]}}],"collection":[{"href":"http:\/\/xn--mdling-wxa.at\/index.php?rest_route=\/wp\/v2\/pages"}],"about":[{"href":"http:\/\/xn--mdling-wxa.at\/index.php?rest_route=\/wp\/v2\/types\/page"}],"author":[{"embeddable":true,"href":"http:\/\/xn--mdling-wxa.at\/index.php?rest_route=\/wp\/v2\/users\/1"}],"replies":[{"embeddable":true,"href":"http:\/\/xn--mdling-wxa.at\/index.php?rest_route=%2Fwp%2Fv2%2Fcomments&post=62"}],"version-history":[{"count":3,"href":"http:\/\/xn--mdling-wxa.at\/index.php?rest_route=\/wp\/v2\/pages\/62\/revisions"}],"predecessor-version":[{"id":68,"href":"http:\/\/xn--mdling-wxa.at\/index.php?rest_route=\/wp\/v2\/pages\/62\/revisions\/68"}],"up":[{"embeddable":true,"href":"http:\/\/xn--mdling-wxa.at\/index.php?rest_route=\/wp\/v2\/pages\/19"}],"wp:attachment":[{"href":"http:\/\/xn--mdling-wxa.at\/index.php?rest_route=%2Fwp%2Fv2%2Fmedia&parent=62"}],"curies":[{"name":"wp","href":"https:\/\/api.w.org\/{rel}","templated":true}]}}