{"id":85,"date":"2013-08-03T15:45:44","date_gmt":"2013-08-03T13:45:44","guid":{"rendered":"http:\/\/xn--mdling-wxa.at\/?page_id=85"},"modified":"2013-08-03T15:45:49","modified_gmt":"2013-08-03T13:45:49","slug":"vosendorf","status":"publish","type":"page","link":"http:\/\/xn--mdling-wxa.at\/?page_id=85","title":{"rendered":"V\u00f6sendorf"},"content":{"rendered":"<p>Die Marktgemeinde V\u00f6sendorf liegt im Nordosten des Bezirk <b>M\u00f6dling<\/b>.<\/p>\n<p><strong>Marktgemeinde V\u00f6sendorf<\/strong><\/p>\n<p>Schlossplatz 1<\/p>\n<p>2331 V\u00f6sendorf<\/p>\n<p>Telefon 01 699 03\/30<\/p>\n<p>Telefax\u00a0 01 699 03\/12<\/p>\n<p><a href=\"http:\/\/www.voesendorf.gv.at\">www.voesendorf.gv.at<\/a><\/p>\n","protected":false},"excerpt":{"rendered":"<p>Die Marktgemeinde V\u00f6sendorf liegt im Nordosten des Bezirk M\u00f6dling. Marktgemeinde V\u00f6sendorf Schlossplatz 1 2331 V\u00f6sendorf Telefon 01 699 03\/30 Telefax\u00a0 01 699 03\/12 www.voesendorf.gv.at<\/p>\n","protected":false},"author":1,"featured_media":0,"parent":19,"menu_order":0,"comment_status":"open","ping_status":"open","template":"","meta":{"footnotes":""},"class_list":["post-85","page","type-page","status-publish","hentry"],"_links":{"self":[{"href":"http:\/\/xn--mdling-wxa.at\/index.php?rest_route=\/wp\/v2\/pages\/85","targetHints":{"allow":["GET"]}}],"collection":[{"href":"http:\/\/xn--mdling-wxa.at\/index.php?rest_route=\/wp\/v2\/pages"}],"about":[{"href":"http:\/\/xn--mdling-wxa.at\/index.php?rest_route=\/wp\/v2\/types\/page"}],"author":[{"embeddable":true,"href":"http:\/\/xn--mdling-wxa.at\/index.php?rest_route=\/wp\/v2\/users\/1"}],"replies":[{"embeddable":true,"href":"http:\/\/xn--mdling-wxa.at\/index.php?rest_route=%2Fwp%2Fv2%2Fcomments&post=85"}],"version-history":[{"count":3,"href":"http:\/\/xn--mdling-wxa.at\/index.php?rest_route=\/wp\/v2\/pages\/85\/revisions"}],"predecessor-version":[{"id":88,"href":"http:\/\/xn--mdling-wxa.at\/index.php?rest_route=\/wp\/v2\/pages\/85\/revisions\/88"}],"up":[{"embeddable":true,"href":"http:\/\/xn--mdling-wxa.at\/index.php?rest_route=\/wp\/v2\/pages\/19"}],"wp:attachment":[{"href":"http:\/\/xn--mdling-wxa.at\/index.php?rest_route=%2Fwp%2Fv2%2Fmedia&parent=85"}],"curies":[{"name":"wp","href":"https:\/\/api.w.org\/{rel}","templated":true}]}}